r of k and q?
1
Let p be 9 - (11/33 + 61870/(-30)). What is the highest common factor of 763 and p?
109
Suppose -403*y + 404*y = -f + 12, 5*y + 2*f = 48. What is the greatest common divisor of y and 19352?
8
Let j(k) = 5*k**3 + k**2 - k - 1. Let s be j(-1). Let f(u) = -8*u**3 + 10*u**2 - 7*u + 3. Let i be f(s). What is the highest common divisor of 19 and i?
19
Let z = 391 + -397. Let f be 1328/4 + z + 10. What is the highest common factor of f and 21?
21
Let b = -68 - -61. Let n be b/(-2) + (-1)/(-5 + 3). Suppose -2*l = n*l - 78. What is the greatest common divisor of l and 143?
13
Suppose -u = -5*d + 2*d + 7, -2*d - 2 = -4*u. Let i be (-144)/648*(-18)/u. Calculate the greatest common divisor of 64 and i.
2
Let o = 92 + -23. Let u = -31 + o. Calculate the greatest common divisor of u and 19.
19
Suppose 4*b + 7 = -37. Let y = b + 12. Suppose 4*m + 2*l = 6, 3*l = 5*m - 0 - 2. What is the greatest common divisor of m and y?
1
Suppose 4*g + 92 = 2*s, s + 4*g - 132 = -s. Suppose -3*i + 47 = -0*i + 5*f, i - 6*f - 8 = 0. Calculate the highest common factor of i and s.
14
Let o = 376 + 843. Suppose 0 = -13*d + o + 211. What is the highest common divisor of 22 and d?
22
Suppose 56 + 184 = 30*q. Let y = -1 - -3. Let d be 14/y*48/14. What is the highest common divisor of q and d?
8
Let g = 14038 + -13538. Calculate the greatest common divisor of g and 9250.
250
Suppose -358*h + 363*h - 2865 = -5*w, 2*h = 6. Calculate the highest common factor of w and 266.
38
Let c = 295 - 303. Let t be 1 + 0 + c + 313 + 2. Calculate the highest common factor of 28 and t.
28
Let t(z) = z**2 - 29*z + 210. Let u be t(11). Calculate the greatest common divisor of u and 372.
12
Suppose 8085*o = 8054*o + 620. Calculate the greatest common divisor of o and 2420.
20
Let o = -9897 + 9985. What is the highest common factor of 3608 and o?
88
Let f(z) = -z**2 - 109*z - 402. Let k be f(-97). What is the greatest common divisor of k and 6?
6
Let a(b) be the third derivative of -5*b**4/24 - 127*b**3/6 - 3*b**2 + 4*b. Let u be a(-26). Calculate the greatest common factor of 69 and u.
3
Let v = -6 - -17. Suppose 140 = 14*f - 18*f. Let p = -24 - f. What is the greatest common factor of p and v?
11
Suppose -23292 = 6051*x - 6087*x. What is the greatest common divisor of 6 and x?
1
Let f(c) = c**2 - 46*c - 404. Let y be f(-18). Calculate the greatest common divisor of 352 and y.
44
Suppose f + 2*f = -3*w + 9, -4*w + 6 = 2*f. Let l = w + 10. Let d be (-890)/(-8) + 9 + 369/(-36). Calculate the highest common divisor of d and l.
10
Let r(u) = 2*u + 41. Let y = 76 - 95. Let c be r(y). Suppose a = -g - c*g + 16, 3*g - 31 = 4*a. Calculate the highest common factor of 60 and g.
5
Let m = -148 - -256. Suppose x - 8 = 19. What is the highest common divisor of m and x?
27
Let y(n) = 10*n + 13. Let q(j) = -1 + 15*j - 9*j - j**2 - 7*j. Let a(m) = -2*q(m) - y(m). Let w be a(-7). Calculate the highest common divisor of w and 13.
13
Let j(z) = 3*z**2 - 17*z + 75. Let u be (-7)/(((-7)/(-56))/(2/(-8))). Let p be j(u). What is the highest common divisor of p and 85?
85
Let i = -1370 + 3477. Calculate the highest common divisor of 196 and i.
49
Let m = 73 - -42. Let k = -68 + m. Let y = -35 + k. What is the greatest common divisor of y and 156?
12
Let c be (-625)/(-15)*(-171)/(-3). Calculate the highest common factor of c and 380.
95
Let z = 6 - -8. Suppose -26*k = -5*k - 11*k - 5740. What is the highest common divisor of k and z?
14
Let b be (-312)/(-21) - (-2)/14 - (-1 + 10). What is the greatest common divisor of b and 11694?
6
Suppose -l + 6 = w, l - 12 = -2*w - 3. Suppose 3*h = w*y + h - 665, -4*y + 2*h + 888 = 0. Suppose 2*t + 61 = y. What is the highest common divisor of 9 and t?
9
Let s be 1388/9 - (-10)/(-45). Let l be (0 - 928/(-66)) + (-192)/3168. What is the greatest common divisor of s and l?
14
Let h(x) = 9*x**2 + 204*x - 404. Let z be h(2). What is the greatest common divisor of 6400 and z?
40
Let a(c) = -c**2 + 18*c + 15. Let i be a(18). Let s = 137 + i. Suppose 4*v + 0*v = 76. Calculate the highest common divisor of s and v.
19
Suppose 0 = -53*a + 48*a + 3*y + 19234, 5*y + 15382 = 4*a. Calculate the highest common factor of 364 and a.
52
Let x(n) = 4*n + 1. Let l be x(-4). Let t be (l - (0 - -5))/(-2). Calculate the highest common divisor of t and 60.
10
Let s(g) = g**3 + 6*g + 4*g + 0*g - 6*g**2 - 6*g**2 - 16 + 6*g**2. Let o be s(7). Calculate the highest common divisor of o and 1.
1
Let v be 1383 + 2 + 0 + 1. Suppose -4*j - 2*d + 240 = 0, 28*j - 30*j - 3*d + 108 = 0. Calculate the highest common factor of v and j.
63
Let f be (-1 + -6 - 0)*-3. Let g be (-1925)/165*(-351)/30*2. Calculate the highest common divisor of f and g.
21
Suppose -3*x = -h - 1481, 289 = -2*h + 291. Calculate the greatest common factor of x and 234.
26
Suppose 0 = -2*h + 53 + 1. Let o = -62 + -18. Let x = 83 + o. What is the greatest common divisor of h and x?
3
Let j be ((-40)/30)/((-4)/1584). Let f = 1775 + -1709. What is the greatest common divisor of j and f?
66
Let z(p) = -p + 10. Let d be z(8). Suppose -10 - 2 = -d*n. Suppose 0 = 13*f - 122 - 580. Calculate the highest common factor of n and f.
6
Let z be (-106)/(-34) - (-28)/(-238). Suppose z*i - d = 652, i - 4*d = -d + 228. What is the greatest common divisor of i and 24?
24
Let k = -183 - -552. Suppose -3089 = -14*v + k. What is the greatest common factor of 19 and v?
19
Let k = -512 - -551. Suppose -3*h = n - k, 5*h + 55 = -11*n + 12*n. Calculate the greatest common divisor of 135 and n.
45
Let x(q) = 2*q**2 + 3. Suppose 75*h - 80*h = 0. Let i be x(h). Suppose i*s - 11 + 5 = 0. Calculate the greatest common factor of s and 14.
2
Let b be 5*(147/15 + 1). Suppose 0 = -p + 2*p - 3*o - b, 0 = -4*p - o + 216. Let s be -4*1/(-8)*12. Calculate the highest common factor of s and p.
6
Let m be 729/(-54)*46/12*-20. What is the greatest common factor of m and 483?
69
Let s be (-20)/(-4)*(-18)/(-15). Let m = 12 - s. Let z = -641 - -645. What is the highest common divisor of z and m?
2
Let c be -5188*3/(-45) - (-40)/300. Let m = c + -103. What is the greatest common divisor of 27 and m?
27
Suppose -11 = -5*g + 4. Suppose k - 60 = 4*w - 5*w, 0 = -g*k. Suppose 185*x - 5*a = 184*x + 65, -5*a = x + 5. What is the greatest common divisor of x and w?
30
Let n be 15 - 3216/216 - (-14993)/9. What is the highest common divisor of n and 34?
34
Let c = -252 + 273. Let v be ((-875)/c - 1)*(-6)/4. Calculate the highest common factor of 64 and v.
64
Suppose -f = -33*y + 28*y + 6, -f = -4. Let a = 134 + -70. Calculate the greatest common divisor of y and a.
2
Suppose -5*i - 133 + 148 = 0. Suppose -2*k = -i*f + 133, 2*f - k = -2*k + 98. What is the greatest common factor of 188 and f?
47
Let n = -281 + 299. Suppose -n*h + 2019 = -4821. Calculate the highest common divisor of 20 and h.
20
Let q be (6/9)/((-2)/(-36)). Suppose 0 = 11*w - 6*w - 1735. Let g = -239 + w. Calculate the highest common factor of g and q.
12
Let i(q) = -q**3 + 4*q**2 + 7*q + 2. Let u be i(5). Suppose 0 = x - 20*x + 3251 - 1199. What is the greatest common factor of x and u?
12
Let x(r) = -r**2 - 159*r + 7499. Let v be x(38). What is the greatest common factor of 16094 and v?
13
Suppose 9*c - 1172 - 1393 = 0. Calculate the greatest common factor of 76 and c.
19
Let v be (-3 + (-3138)/(-4))/(((-289)/34)/(-17)). Calculate the highest common factor of v and 3.
3
Let q(x) = 7*x**2 - 706*x - 690. Let z be q(103). What is the highest common factor of 95 and z?
95
Suppose -2*b = -u - 9, -b - u - 5 = -2*b. Suppose -3*g + 240 = g + 5*y, -2*g + b*y = -94. Calculate the greatest common factor of g and 11.
11
Let o = 12 + -4. Let t = 1234 - 1181. Suppose -t = -o*q + 859. What is the highest common factor of 76 and q?
38
Let k(h) = -94*h + 100 + 131*h**2 - 13*h**3 - 179*h**2 + 12*h**3. Let c be k(-46). What is the highest common divisor of 128 and c?
64
Let r = -290 - -350. Let l be r/(((-24)/132)/((-4)/3)). What is the greatest common divisor of 11 and l?
11
Let p be (4 + 0)*(-10)/(-8). Let d be (-3*6/p)/((-44)/990). What is the highest common divisor of d and 27?
27
Suppose 1727 = 21*m - 79 - 1281. Calculate the highest common divisor of 35 and m.
7
Suppose -84*p - 4*m + 147 = -79*p, 0 = 2*p - m - 77. Calculate the grea